20 = -4*o. What is the tens digit of q?
1
Let y(a) = a - 4. What is the units digit of y(6)?
2
Let o(z) be the first derivative of -z**4/4 + 5*z**3/3 - 5*z**2/2 + 5*z + 4. Let h be 4/(-2 + 0) + 6. What is the units digit of o(h)?
1
Let m = -34 + 15. Let r = m + 35. What is the units digit of r?
6
Let f(v) = -v**3 - v. Let w(g) = -5*g**3 - 2*g**2 - 7*g - 3. Let k(b) = 6*f(b) - w(b). Let a be k(3). Let u(p) = -2*p + 1. What is the units digit of u(a)?
7
Suppose 2*p = 8*p - 24. What is the units digit of p/6 + 1184/24?
0
What is the units digit of (8/(-6))/(-7 + (-1887)/(-270))?
0
Let l(s) be the first derivative of s**2/2 + 10*s + 2. What is the units digit of l(-6)?
4
Suppose a - 28 = p + p, 3*a + 3*p = 48. What is the units digit of a?
0
Suppose -4*k + 2*k = -2. Let y(g) = -3*g + 10*g + g**2 - k - 3 - 2. What is the units digit of y(-8)?
2
Let h(f) = -f**3 - 4*f**2 + 5*f + 4. Let m = -8 + 3. Let i be h(m). Let k = 9 - i. What is the units digit of k?
5
Suppose -d + 8 = -5*d, -2*b = -4*d - 132. What is the tens digit of b?
6
Let b = 35 + -25. Let f(g) = -9*g - 3*g**2 + 14*g**2 + 2*g**3 - 3 - 3*g**3. What is the units digit of f(b)?
7
Let h be (-9)/2*16/(-24). Suppose 3*o + 100 = 5*u - o, h*o - 49 = -4*u. What is the tens digit of u?
1
What is the units digit of 22 - 2*4/4?
0
Suppose 0*z - 143 = -3*a + 5*z, -21 = -a - 5*z. What is the units digit of a?
1
Let h(n) = n**3 + n**2 + n + 33. Let a(z) = -z**3 + 10*z**2 + z - 10. Let d be a(10). Let o be h(d). Let f = o + -15. What is the tens digit of f?
1
Suppose 4*p + 2*n - 18 = 4*n, p + 5*n = -12. Suppose 0 = -p*i - 0*m - 5*m + 47, -28 = -2*i - 5*m. What is the tens digit of i?
1
Let d = 6 - 2. Suppose -d*u = -5*u. Suppose -2*w - 7 = 3*b, -4*w - 21 = -b - u*w. What is the units digit of b?
1
Suppose -5*i + 392 - 32 = 0. What is the tens digit of i?
7
Let q be 1/(11/(-6) + 2). Suppose -37 = -5*a + 4*v, -3*a - 3*v + 0*v + q = 0. Suppose 4*c = -c - 20, -4*c - a = d. What is the tens digit of d?
1
Suppose -o = o + 5*p - 20, 9 = o + 2*p. What is the units digit of o?
5
Suppose -2*g = 2*g. Suppose -5*o + 2*o - 9 = g. What is the units digit of -1 + 3 - (o + 2)?
3
Let u(m) = 2*m**3 - 1 - 1 + m + 2*m. Let a be u(2). Suppose -i - 4*v = -a, -5*i + 4*i = 3*v - 16. What is the units digit of i?
4
Let w be (-2)/((-6)/9) - 2. Let x(y) = -5 + 9*y - y**2 - 5 - w + 1. What is the units digit of x(7)?
4
Suppose -2*o + 4 = 2*v - 2, o - 2*v - 9 = 0. Suppose -w + 4*r + 18 = 0, -o*w + 2*r + 7 + 119 = 0. What is the units digit of w?
6
Suppose 4*v + 7 = 55. Let w = v + -7. What is the units digit of w?
5
Suppose -2*d - 2*o + 3*o + 121 = 0, -120 = -2*d + 2*o. What is the units digit of d?
1
Let p(h) = h - 5 + 0*h**2 - 2*h**2 + 3*h**2 + 0*h**2. What is the tens digit of p(5)?
2
Let v(l) = -l**3 - 4*l**2 + l - 1. What is the tens digit of v(-5)?
1
Let m(k) = k**3 - 3*k**2 - 4*k - 7. What is the units digit of m(5)?
3
Let g(t) be the first derivative of -t**3/3 - 11*t**2/2 + 2*t + 6. What is the units digit of g(-8)?
6
Suppose -w = -6*w + 80. What is the tens digit of w?
1
Suppose 3*p + 45 = -5*n, n - 12 + 3 = 3*p. Let q = n + 2. Let r = 5 - q. What is the units digit of r?
9
Suppose 3*i = 2*i + 2. Suppose -i*n + 3 = -5*l + 1, n - l - 1 = 0. What is the units digit of n?
1
Let f(t) = -14*t + 4. What is the tens digit of f(-2)?
3
Suppose -17 = -4*m - 3*j + 8*j, -j - 13 = -4*m. Suppose q = -1, 0*n + q = -m*n + 47. What is the units digit of n?
6
Suppose -4*j - 1270 = -9*j. What is the hundreds digit of j?
2
Suppose q = -q + 10. What is the units digit of (-1)/(2 - 11/q)?
5
Let x(v) = v - 5. Let u be x(0). Let z be -5*u/(25/6). Let b = 12 - z. What is the units digit of b?
6
Let q = -617 - -998. What is the units digit of q?
1
Let b = 340 + -48. What is the tens digit of b?
9
Suppose -5*f + 1 = 11. Let a = 2 - f. Suppose -6*v + a*v = -3*t - 28, 5*v - 70 = -4*t. What is the tens digit of v?
1
Let y(m) = m**2 - 11*m + 14. Let w be y(6). Let k(z) = z + 23. What is the units digit of k(w)?
7
Suppose -o - 3 = -2*t + 2, -3*o = -5*t + 13. Suppose 51 = n + 5*u, u = -n - t*n + 97. What is the tens digit of n?
3
Let j = -35 + 93. What is the tens digit of j?
5
Let c(i) = i - 4. Let d be c(7). Suppose d*k + 1 + 2 = 0. What is the units digit of 5 + (2/(-1))/k?
7
Suppose -142 = -p + 3*f, -5*f - 72 = -p + 78. What is the hundreds digit of p?
1
Let u(i) = 2*i**2 + 9*i - 10. What is the units digit of u(5)?
5
Let x(u) = -u**2 + 2*u + 4. Let b be x(4). Let d be 111/12 + (-2)/8. What is the units digit of (d/(-6))/(2/b)?
3
Let y(s) = 26*s + 2. Let o(u) = 9*u + 1. Let h(q) = 17*o(q) - 6*y(q). What is the units digit of h(-5)?
0
Let v(b) = -2*b + 2. Let g(x) = x - 3. Let d(f) = 4*g(f) + 3*v(f). Let j be d(-6). Suppose -n + j*n = 55. What is the tens digit of n?
1
Suppose 10*x - 10 = 5*x. What is the units digit of x?
2
Suppose s + 2*i = -0*s, 0 = -s - 3*i. Suppose -q - 2*q - j + 1 = s, q = j + 7. Suppose -r + 4*p + 13 = -0, q*r = 2*p + 8. What is the units digit of r?
1
What is the tens digit of (2 - (3 + -5)) + 65?
6
What is the hundreds digit of 8/(-6)*939*(-2)/8?
3
Let w(q) = 3*q - 2. Let r(z) = -5*z**3 - z**2 + 1. Let k be r(-1). What is the units digit of w(k)?
3
Let c(v) = -v**2 + 8*v. Let u(b) = 2*b**2 - 3*b - 1. Let m be u(3). Let y be c(m). Suppose -h + 3*x = -y + 2, -3*h = 4*x - 7. What is the units digit of h?
1
Suppose 0*l + l - 21 = 2*j, -5*l - 5*j = -120. Let x = l - 9. What is the units digit of x?
4
Let n be (-2)/12 + 62/12. Suppose 120 = n*r - r. Let c = -19 + r. What is the units digit of c?
1
Suppose 4*b + 4*f - 75 - 97 = 0, -3*b + 127 = 2*f. What is the tens digit of b?
4
Let o(k) = k**3 + 11*k**2 - 14*k + 4. Suppose r + b + 9 = -0, -4*b = -3*r - 48. What is the tens digit of o(r)?
2
Suppose -2703 = -10*k - 493. What is the units digit of k?
1
Let q = -4 - -6. Suppose -32 = -q*z - 6. What is the tens digit of z?
1
Let n be ((-4)/9)/((-16)/72). Suppose n*r = -q + 70, 2*r + 5*q - 1 - 85 = 0. What is the units digit of r?
3
Suppose -4*r + j + 60 = 0, 2*r - 30 = -3*j + 2*j. What is the tens digit of r?
1
Suppose -2*o - 75 = 3*o. Let y = o + 64. What is the units digit of y?
9
Suppose 0 = 5*i - 20, 233 = -5*d - 3*i - 0. Suppose -f - 213 = -4*f. Let u = d + f. What is the tens digit of u?
2
Suppose 2*b - 148 = -2*b - 2*d, 0 = -2*d + 4. What is the tens digit of b?
3
Let j be (-18)/(-4)*10/3. Suppose a = 4*a + j. Let t = 15 + a. What is the tens digit of t?
1
Suppose -y - 2 = -19. Suppose -3*w - 3 = -2*p, 0*p - 5*p = 2*w - y. Suppose -4*n - 22 = -2, -p*n - 50 = -5*d. What is the units digit of d?
7
Let w = -338 - -585. What is the units digit of w?
7
Let a = -34 - -95. What is the tens digit of a?
6
Suppose -5*a + 19 = -3*m, -3*a - m + 0 + 3 = 0. Let s be a/(-3) + 39/(-9). Let x(c) = c**3 + 5*c**2 - 2*c - 3. What is the units digit of x(s)?
7
Let d(y) = y**2 - 3*y - 3. Let z be d(4). What is the units digit of (7/z)/(2 - 1)?
7
Suppose -3*r + 10 = 2*f, -f - 4*r + 9 = -6. Let a = 1 - f. What is the units digit of a?
2
Let c = -17 - -7. Let t = -6 - c. What is the units digit of t?
4
Suppose y - 7*b = -2*b + 12, -b + 2 = 2*y. What is the units digit of y?
2
Let u(z) = z**2 + 11*z - 14. What is the tens digit of u(-16)?
6
Let j(w) = -3*w + 3*w - 4 + w. Let q be j(6). Suppose -q*g + 2*z - 46 = -7*g, -4*g - z + 35 = 0. What is the units digit of g?
8
Suppose -4*a = 4*f - 200, 5*f - f = 2*a - 118. What is the units digit of a?
3
What is the units digit of 532/60 - (-8)/60?
9
What is the tens digit of 91 - (-2 + 4) - -4?
9
Let z(k) = -2*k + 2. Let w be z(-4). Let i = 0 + w. What is the tens digit of i?
1
Suppose -25*i + 138 = -24*i. What is the hundreds digit of i?
1
Suppose 322 = 2*t + 3*s + 2*s, -t + 161 = 3*s. What is the tens digit of t?
6
Let j(w) = -3*w - 8. Suppose 0 = 4*z + 2*d - 114, -2*z + 0*d = -d - 63. Suppose -v = 4*v + z. What is the units digit of j(v)?
0
Suppose -2*a + 156 = -22. Let d = a + -64. What is the tens digit of d?
2
Let j = 109 - -243. What is the hundreds digit of j?
3
Let c(u) = -3*u**3 - u**2 + u + 1. What is the units digit of c(-1)?
2
Let y(s) = 4*s**2 - 18*s - 28. Let i(k) = 3*k**2 - 12*k - 19. Let w(h) = 7*i(h) - 5*y(h). What is the units digit of w(-6)?
7
What is the tens digit of 1668/26 - 12/78?
6
Su